15
Let i(s) = -2*s**3 - 11*s**2 + 18*s + 36. Let l be i(-10). What is the greatest common divisor of 27 and l?
27
Let b = 120 - 87. Let h = 70 + -37. Calculate the greatest common factor of b and h.
33
Let c be (-32)/20*(-52)/8*20. What is the greatest common factor of 1092 and c?
52
Let r(i) = -37*i + 142. Let q be r(-4). Calculate the greatest common factor of 30 and q.
10
Let g = -144 - -151. Calculate the highest common divisor of g and 3.
1
Suppose -40*j - 200 = -48*j. What is the greatest common factor of j and 25?
25
Suppose 4*r + 16 = 0, a - 14 - 9 = 2*r. What is the greatest common factor of 330 and a?
15
Let y = 440 - 330. Calculate the greatest common factor of 275 and y.
55
Suppose 0*t = 2*d + 3*t - 193, 183 = 2*d + 5*t. Let p be ((-6)/2)/((-39)/d). Calculate the greatest common factor of 8 and p.
8
Let i(t) = 15*t + 65. Let y be i(0). Calculate the greatest common factor of y and 26.
13
Let c(j) = -2*j**2 - 18*j - 10. Let g be c(-8). Suppose -g*z + 75 = -21. Calculate the highest common factor of 2 and z.
2
Suppose 10*f = 23 + 17. Suppose f*b + 4*x = 5*x + 71, 5*b - 82 = -x. What is the highest common factor of 85 and b?
17
Suppose 2*i = -0*i + v + 71, 4*i + 3*v = 167. Suppose -1630*h - 95 = -1631*h. What is the highest common divisor of h and i?
19
Suppose -14*x + 35 + 161 = 0. Calculate the greatest common factor of 1778 and x.
14
Let f(a) = 11*a**2 - 34*a + 125. Let n be f(7). What is the greatest common factor of 30 and n?
6
Let l be 4 - (-22)/8*(-248)/(-1). What is the greatest common divisor of l and 28?
14
Let h(g) = -g - 9. Let z be h(11). Let m = z + 50. Calculate the greatest common factor of 135 and m.
15
Let t = 920 + -906. What is the highest common factor of t and 854?
14
Let y(u) = -u**3 - 18*u**2 + 16*u - 18. Let a be y(-19). Calculate the highest common factor of 26 and a.
13
Suppose q - 15 = -2*f, -11*f + 4 = -15*f. Calculate the highest common factor of 391 and q.
17
Suppose 0 = w + 1, -3*h + 0*w + 5*w + 17 = 0. Suppose v - 7 = h*a - 18, 2*a = 4*v + 2. What is the greatest common factor of 1 and v?
1
Suppose -6*i + i + 165 = 5*z, 4*z - 104 = -3*i. Let h(l) = -15*l - 1. Let b be h(-1). Let w = i - b. Calculate the greatest common divisor of 7 and w.
7
Let z(j) = -j**2 - 9*j + 6. Let s be z(-9). Let q be (-58)/(-10)*3 + s/10. Calculate the greatest common divisor of 72 and q.
18
Suppose 4*y + 12 = 5*o, -6*y = -y - 10. Let i be (2 + -1)/(3/6). Suppose i*f - o*f = -80. What is the greatest common divisor of f and 100?
20
Let z = -126 + 180. Let o = 44 - 26. Suppose -3*m = 3*g + g - o, -4*g = 0. Calculate the greatest common divisor of z and m.
6
Suppose 0 = -5*f + 6*u - 2*u + 30, 2*f - 2*u = 12. Let c(x) = -x**2 - 26*x - 10. Let w be c(-22). What is the greatest common divisor of w and f?
6
Let q = 7 - 3. Let w be (-4)/(-3*q/6). Let u be -1*(2 - -3)*-1. Calculate the greatest common factor of u and w.
1
Let j = -272 + 286. What is the highest common divisor of j and 182?
14
Suppose -4*f + 1 = -111. Suppose -5*w = -4*j - 11 + 103, -j + 30 = -3*w. Let u = f - j. What is the greatest common divisor of u and 2?
2
Let s(r) = -112*r. Let v be s(-2). Suppose -51322 + 51686 = 13*l. Calculate the highest common divisor of l and v.
28
Let f = 369 + -73. Suppose -2*p = 3*p - 185. What is the highest common divisor of p and f?
37
Let i(x) = x**3 - 15*x**2 - 17*x + 29. Let k be i(16). Let u(y) = -y**3 + 12*y**2 + 14*y - 4. Let z be u(k). What is the greatest common factor of z and 15?
3
Let d be 296 - 48*17/(-51). Suppose -19 = -2*b + 59. Calculate the highest common divisor of b and d.
39
Let s = -1437 - -1448. What is the greatest common divisor of s and 4631?
11
Let i = 74 - 38. Suppose -71*u - 224 = 8*u - 31508. Calculate the highest common factor of i and u.
36
Suppose -2*h = -4*d + 206, -31 = -d + h + 18. Calculate the greatest common divisor of d and 36.
18
Let r(j) = -j**2 + 8*j - 4. Let t be r(5). Calculate the highest common factor of t and 1.
1
Let b = 292 + -4. Suppose -114 = -3*i - 3*z, -i + 5*z + 38 - 12 = 0. What is the greatest common factor of i and b?
36
Suppose 5*i + 4*c - 188 = 0, -2*i - c = -3*i + 34. What is the highest common factor of 576 and i?
36
Suppose -4*t + 8 = 0, 10*t - 7*t = -3*v + 336. Calculate the greatest common divisor of v and 44.
22
Suppose -i = i + 5*w - 114, -i = 5*w - 52. Let k = 69 - i. Calculate the greatest common factor of 28 and k.
7
Suppose 0 = 2*f - 3*p - 2*p - 15, 0 = 3*f - 2*p - 17. Suppose -3*w + 284 = f*y, w - 4*y = -21 + 127. Calculate the highest common divisor of 14 and w.
14
Suppose 31 = 3*l - 5. Let b be (110/(-130) + 4/(-26))*0. Let z be (b - 0) + -7 + 43. What is the highest common divisor of l and z?
12
Suppose 2*d - 5*t - 481 = 0, 0*d - 3*t = -5*d + 1212. Calculate the highest common factor of 81 and d.
81
Suppose -f = f - 30. Let z = 34 - f. What is the highest common divisor of 38 and z?
19
Let f be (12/(-8))/(3/(-14)). Suppose -5*n + 254 = -186. Let s = n + -53. What is the highest common divisor of s and f?
7
Suppose 3*i - 359 = -u, 49 = i + u - 70. Calculate the greatest common divisor of 40 and i.
40
Let s be 42/(-105) - 62*1/(-5). Calculate the greatest common factor of 84 and s.
12
Let b be (55/(-4))/(2/(-24)). Let f(s) = -7 + 10 + 2*s**3 - s**3 - s - 3*s**2. Let i be f(4). What is the greatest common divisor of b and i?
15
Let t = -310 - -341. Calculate the highest common divisor of 93 and t.
31
Let r be 7492/24 + 6/(-36). Calculate the greatest common factor of r and 144.
24
Let h be 12/(-54) - 16*488/(-144). Let y = -64 + 91. What is the greatest common divisor of h and y?
27
Let w = 15970 + -15925. Suppose 0 = -2*o - 0*o + 60. What is the highest common factor of o and w?
15
Let m(l) = 10*l**2 - 5*l + 2. Let c be m(4). Suppose -f = 4*v + 24 - c, 3*f - 6 = 0. Let a = -13 + v. What is the highest common divisor of a and 40?
8
Suppose 4*y - 4 = 4. Suppose 6*d - 2*d - 63 = -3*b, -y*d - 3*b + 39 = 0. Let l(k) = 20*k. Let j be l(3). Calculate the greatest common factor of j and d.
12
Suppose -o + 3*b = -15, 0 = 3*o - 0*o + 2*b - 1. Suppose -2*u = -5*x - 0*u + 110, -o*x + 85 = -5*u. What is the highest common factor of x and 40?
20
Let q(u) = 6*u**2 + 3 + u**3 - 54*u + 55*u - 3. Let t be q(-3). What is the greatest common factor of t and 16?
8
Let p(i) = -i**3 - 5*i**2 + 9*i + 7. Let q be p(-7). Let g = -24 + q. Calculate the highest common divisor of g and 72.
18
Let c be 2 + -7 + 5 - 118/(-2). Let b = c - 43. Calculate the greatest common factor of 40 and b.
8
Suppose 150 = -2*y + 17*y. Calculate the highest common divisor of y and 8.
2
Let q be (-27)/(-9) + -6 - 146/(-2). What is the highest common divisor of q and 130?
10
Suppose -4*o + 716 = 284. Calculate the highest common divisor of o and 24.
12
Suppose -3*b + 0*d + d = 86, -3*b = 5*d + 74. Let w = -23 - b. Suppose -w = 5*f - 15. Calculate the highest common divisor of 2 and f.
2
Suppose -46*b + 41*b = -90. Let c be ((-24)/(-15))/((-4)/(-10)). Suppose 0 = z - c - 2. Calculate the greatest common factor of b and z.
6
Suppose -4*b = 5*g - 0*g - 110, -4*b + 124 = -2*g. Suppose 0 = 5*o, 4*w = -2*o + 206 + 154. Calculate the greatest common divisor of b and w.
30
Let z(h) = -h**3 + 13*h**2 - 11*h + 5. Let r be z(10). What is the highest common divisor of 15 and r?
15
Let l(x) = -5*x + 18. Let g be l(0). Suppose 117 = f - 3*p, 7*p = -2*f + 3*p + 264. Calculate the highest common factor of f and g.
18
Let l be ((-2)/4)/(7 + (-1518)/216). What is the highest common divisor of l and 288?
18
Let t(n) = 4*n**2 + 16*n - 55. Let k be t(-7). Calculate the greatest common divisor of k and 841.
29
Let x(t) = -3*t**3 + 79*t**2 - 27*t + 34. Let q be x(26). What is the highest common factor of 92 and q?
4
Let n(q) = -7*q + 3*q + 9*q. Let w be n(1). Suppose 5*l = -5*a + 85, 2*l + 3*a = w*l - 75. Calculate the greatest common divisor of l and 63.
21
Let v(a) = a + 7. Let t be v(5). Let j(q) = 21*q - 3. Let f be j(3). What is the highest common factor of t and f?
12
Let d be 2/(-3 + 21)*-6*-162. Calculate the greatest common factor of 63 and d.
9
Suppose -2*n + 3*n - 2 = 0. Suppose -1377 = -11*q + n*q. Suppose 2*a - 43 = -0*u + 3*u, 3*u - 42 = -3*a. Calculate the greatest common factor of q and a.
17
Let o = -526 + 686. W